 Let n(r) = -2*r**3 + 2*r**2 + r. Let d be n(2). Let t = a + d. What is the units digit of t?
1
Let t(l) = l**3 - 12*l**2 + 13*l + 13. What is the tens digit of t(11)?
3
Suppose 22 = 5*c - 18. Let r = c - 2. What is the units digit of r?
6
Suppose -3*w + 5*k + 0*k = -116, -5*k = -w + 42. Suppose 5*q = -0*f - f + 9, -3*f - 5*q = -w. Let h = -7 + f. What is the units digit of h?
7
Let q = 3 - 2. Let a be q/4 - 5/4. Let c = 6 + a. What is the units digit of c?
5
Let n(w) be the first derivative of w**3/3 + 3. What is the units digit of n(-1)?
1
Suppose -13*h + 19*h = 1470. What is the tens digit of h?
4
Let k(a) = 3*a**2 + 10*a + 4. Let u(s) = 16*s**2 + 49*s + 19. Let j(q) = -11*k(q) + 2*u(q). What is the units digit of j(-11)?
5
Let i(h) = -5*h. Let c be i(-1). Suppose 0 = 5*v - c - 105. Let l = v - 16. What is the units digit of l?
6
Let l(u) = -u**2 - 7*u - 5. Let c(w) = -w - 2*w + 4*w + 4. Let g be c(-9). What is the units digit of l(g)?
5
Suppose -3*y - 3*x = x - 57, -4*y + 51 = -3*x. Suppose 6*w - 3*w = y. Suppose 21 = w*j - 4*c - 3, 0 = -3*j + 5*c + 4. What is the units digit of j?
8
Suppose -4*z = -11 - 9. Suppose z*n = 4*n + 8. Suppose i = -3*d - i + n, 4*d - 2*i - 6 = 0. What is the units digit of d?
2
Let c be 1 - 5/((-15)/9). Let n(z) = -z + 14. What is the tens digit of n(c)?
1
Let m(o) = -8*o + 7. What is the tens digit of m(-6)?
5
Let a = 7 - 5. Let m = a - 5. What is the units digit of (7 - (-1 - m)) + 0?
5
What is the units digit of (60/(-3))/(-2 + 5/3)?
0
Suppose 0 = -4*a - 78 + 6. Let q = a + 24. What is the units digit of q?
6
Suppose 3 + 2 = 5*s. What is the units digit of s?
1
What is the tens digit of 3 - ((-1)/(-2) + 0)*-202?
0
Let c(o) = -o. Let f be c(-3). Suppose -4*b + 62 = f*v, -5*b + 1 = -v - 2*b. What is the tens digit of v?
1
What is the units digit of 220/(-33)*-39*3/12?
5
Suppose -4*y + 15 = -1. Suppose -u - 2*u = -12. Suppose 0 = 3*v, -y*p - u + 20 = -5*v. What is the units digit of p?
4
What is the units digit of (-3)/(-5) + 1872/30?
3
Suppose 3*w - 319 - 230 = 0. Suppose 0*t - 2*i = 5*t - w, -5*t - 3*i = -187. What is the tens digit of t?
3
Let r = 76 - 49. What is the units digit of r?
7
Let l(q) be the third derivative of -5*q**4/24 - q**3/6 - 14*q**2. Let w(d) = -d**3 - 5*d**2 + d + 2. Let g be w(-5). What is the tens digit of l(g)?
1
Let u(w) = -2 - 2*w - 2 - 2*w. Let c be u(-3). Suppose 4*t - c = 4. What is the units digit of t?
3
Let r(i) = -i + 5. Let c(n) = n**3 + 5*n**2 - 2*n - 5. Let v be c(-5). Suppose 0 = -v*s + 7 + 13. What is the units digit of r(s)?
1
Suppose -2*g + 5*g = -15. Let r = g + 7. What is the units digit of r?
2
Let a(w) = w - 3. Let c be a(8). Let k be (c + -6)/(1/(-1)). What is the units digit of 1*(-6)/(-3)*k?
2
Let x = -7 - -10. Suppose 0 = -q - f + 3, -5*f - 1 = -0*q - x*q. Let r = q + 5. What is the units digit of r?
7
What is the units digit of 28/(6/3) + -4?
0
Let c be 22/4*18/9. Suppose -3*a = 5 - c. What is the units digit of a?
2
Suppose -3*z + 3 + 1 = -4*p, 0 = -3*z - 2*p + 16. Suppose -z*g - g + 16 = -2*o, -4*g + 5*o = -6. What is the units digit of g?
4
Suppose -2*d - 5 = -d + 4*c, -11 = -d + 4*c. Suppose -3*h = -9 + d. Suppose 27 = h*b + b. What is the units digit of b?
9
Suppose 0 = t + 4, 4*t = 5*u - 31 - 5. Suppose 0 = 3*o - 2*o - u, 0 = 4*f - 2*o - 4. Let w = f - -3. What is the units digit of w?
6
Suppose -5*s + 3 = -7. What is the units digit of 5 + -3 + s + 0?
4
Let p(c) = -c - 5. Let v be p(0). Let t be -3 - v - (1 - 0). What is the units digit of 6 + 1 + (2 - t)?
8
Suppose 0 = p - 2*p + 3*y + 1, 2*y = 0. Let r = 7 + p. Let l = r + -6. What is the units digit of l?
2
Let s(t) = 9*t**2 + 7*t + 3. What is the tens digit of s(-3)?
6
Suppose -r = r - 6. Let b(x) be the third derivative of x**6/120 - x**5/60 - x**4/8 + x**3/2 - 11*x**2. What is the tens digit of b(r)?
1
Suppose -3*t - 2*i = 3*i + 23, 4*t - 3*i = -21. Let v = -4 - t. What is the units digit of v?
2
Suppose -g + 2*g = 38. Let n = g + -19. Let q = 38 - n. What is the units digit of q?
9
Suppose 0*f - 14 = -2*k - 2*f, 4*f - 8 = 0. Suppose k*o - 2*o - 135 = 0. What is the tens digit of o?
4
Let r = -8 + 4. Let w be (r/(-8))/((-3)/(-18)). Suppose -c = 4*l - 24, -2*c = w*c + l - 82. What is the units digit of c?
6
Suppose 53 = 5*w - 42. What is the tens digit of w?
1
Suppose n - 70 = -4*i - 0*i, -i = 5*n - 331. What is the tens digit of n?
6
Let b(f) = f**2 + 2*f - 1. Let v be b(1). Let x be 5 + 2*2/4. Suppose -2*l - v = -4*a, -l + 4*a - x = 5. What is the units digit of l?
9
Suppose 4*p - 24 = -0*p. Let h = 0 - p. What is the units digit of 2*4 - h/3?
0
Let z = -30 - -13. Let m = -28 - z. Let g = 16 + m. What is the units digit of g?
5
Let o be 200/14 + (-2)/7. What is the units digit of 0 + (o - -2) + 2?
8
Let m(s) = 2*s - 1. Let z be m(-3). Let t = -4 - z. Suppose -k + 52 = t*k. What is the tens digit of k?
1
Let l = -11 + 20. What is the units digit of l?
9
Let y(l) = 8*l**2 - 3*l + 1. What is the tens digit of y(-2)?
3
Suppose 40*y = 39*y + 109. What is the tens digit of y?
0
Suppose 44 = 5*b + 3*j, -5*b + j + 58 = -3*j. Suppose -2*u = -b + 2. What is the units digit of 7/(-2*(-2)/u)?
7
Let f be (-6 + 4)*49/(-2). Let m = -34 + f. What is the units digit of m?
5
Let o(a) = 6*a + 56. What is the tens digit of o(22)?
8
Suppose 0 = -4*v + 3 + 41. Suppose -4*i = 3 - v. What is the units digit of i?
2
Let f = 845 - 513. What is the units digit of f?
2
Let n(k) = k. Let m be n(0). Let c be (-14 + m)/((-1)/1). Let i = -8 + c. What is the units digit of i?
6
Suppose 9*a - 103 = 4*a - k, 5*a + 4*k - 97 = 0. Let r = a + -15. What is the units digit of r?
6
Let m(h) = -h**3 - h**2 - 2*h - 3. Let z be m(-2). Let f = z + -3. Suppose -g + f*w = -4*g + 35, 4*w = -3*g + 37. What is the units digit of g?
1
Suppose 7*i = 4*i + 33. What is the units digit of i?
1
What is the tens digit of (-3)/30*-5*204?
0
Suppose -d - 5 = -3. Let i(l) = -l**3 - 9*l**2 - 7*l + 1. Let b(s) = s**3 + 10*s**2 + 8*s - 1. Let q(j) = d*b(j) - 3*i(j). What is the units digit of q(-6)?
5
Suppose 83 = 2*c - 33. What is the tens digit of c?
5
Suppose -m = 3*m - 652. Suppose -38 = 5*w - m. Suppose 0 = 5*v - d - 39, -v + w - 6 = -3*d. What is the units digit of v?
7
Let x = 7 + 0. Suppose -2*n + 2 + x = k, 0 = -n - 5*k + 27. What is the units digit of n?
2
Let m = 40 + -14. Let j = -15 + m. What is the tens digit of j?
1
Let l(h) = -2*h + 13. Let g be l(6). What is the tens digit of 22/g + 2/(-2)?
2
Let c(a) = 2*a**2 - 8*a - 7. What is the tens digit of c(6)?
1
Suppose -2*f + 10 = 3*f. Suppose 0 = -3*l - f + 38. What is the tens digit of l?
1
Let p = -37 + 2. Let k = -21 - p. What is the tens digit of k?
1
Let y(m) be the first derivative of -m**2/2 + 9*m - 4. Let c be y(7). Suppose 4*w - 4 = p, 0*p = -2*p + c*w + 10. What is the units digit of p?
8
Let f(i) = -39*i + 39. Let k(s) = -3*s + 3. Let g(n) = 2*f(n) - 27*k(n). Let z be g(2). Let d = -1 + z. What is the units digit of d?
2
Suppose 21 = -4*x + 5, -t = -x - 13. Let h = 44 - t. What is the tens digit of h?
3
What is the units digit of 20 + 4 - (1 + 2)?
1
Let p be ((3 - 3) + 0)/1. Suppose p = l - 0*l - 3. What is the units digit of l?
3
Let m = -23 - -42. What is the tens digit of m?
1
Suppose -4*b + 8*j - 3*j + 118 = 0, -3*b = -j - 83. Suppose -3*z + 3*m - 3 = -b, z = -m + 6. What is the units digit of z?
7
Suppose 0 = -y - 2 + 1. Let s = y + 50. What is the tens digit of s?
4
Suppose 0 = -0*u - 2*u + 58. What is the units digit of u?
9
What is the units digit of (-9)/15 - (-952)/20?
7
Let m(r) = -r + 3. Suppose 2*u - 4 = 2. Let v be m(u). Suppose -l + 4*h + 28 - 4 = v, 0 = -2*l - 4*h. What is the units digit of l?
8
Let p(g) = 3 + 12*g - 4*g - 2 + g**2 - 2*g**2. What is the units digit of p(6)?
3
Suppose -c + 3*c = 148. What is the tens digit of c?
7
Let l(i) = 8*i + 3. Let r(z) = -3*z - 1. Let u(q) = -6*l(q) - 17*r(q). What is the units digit of u(3)?
8
Let d(k) = k + 7. Let q(b) = -2*b**2 + 14*b - 5. Let a(g) = -g**2 + 7*g - 3. Let p(c) = 7*a(c) - 3*q(c). Let y be p(7). What is the units digit of d(y)?
1
Suppose -1384 = -3*u - 5*u. What is the units digit of u?
3
Suppose 5*o - 32 = 4*r, -3*o = r - 0*r - 9. Suppose o*h - 15 = 3*h. What is the units digit of h?
5
Let a(j) = j**2 - 3*j + 4